late the greatest common divisor of 36 and u.
9
Suppose 2*j - 73 = -13. What is the greatest common factor of 75 and j?
15
Suppose 0 = 5*c - 15, 2 = -o - 3*c + 19. What is the highest common factor of 56 and o?
8
Suppose 0 = -5*j + 5, 0 = l - 3*j - 1 + 4. Suppose l*n = -2*n - 40. Let w = n - -30. Calculate the greatest common factor of 50 and w.
10
Suppose 5*h - 26 = -3*r, 13 = 3*r - 4*h - 58. Calculate the highest common factor of r and 136.
17
Let v be 5/(-10)*(-19 + 1). Let l = v - -13. What is the highest common divisor of l and 154?
22
Let r be 2 - 0 - 0 - 2. Let a be -5 - -37 - (r + 2). Let k be (-126)/(-27) - (-2)/6. Calculate the greatest common divisor of k and a.
5
Let g(a) = -a**3 + 7*a**2 + 4. Let p be g(5). Let b = -4 + 9. Suppose 3*m = -4*d + 147, -b*d + 182 = -0*m + 2*m. Calculate the highest common factor of p and d.
18
Suppose d - 4*d = -6. Let r(o) = -o**3 + 5*o**2 + 3*o - 5. Let n be r(5). Calculate the highest common factor of d and n.
2
Let n(h) = h**3 + 9*h**2 - h - 6. Let y be n(-9). Suppose 0 = 3*u + 2*c, -y*u - 4*c = -0*c + 6. Calculate the highest common factor of u and 22.
2
Let z(h) = 2*h**2 - 4*h + 2. Let u be z(3). Suppose -g = g - u. Let b(j) = 6*j**2 - 5*j + 4. Let a be b(g). What is the greatest common factor of 10 and a?
10
Let t = -9 - -17. Suppose 3*a = -3*f + 84 - 33, 0 = 2*f + t. Let v(p) = p**3 - 4*p**2 + p + 3. Let g be v(4). What is the greatest common divisor of g and a?
7
Let y be 14*-2*1/(-4). Let a = y + 16. Let c(k) = -k**3 + 2*k + 3. Let j be c(-6). Calculate the greatest common divisor of j and a.
23
Let x = -33 + 65. What is the greatest common factor of 80 and x?
16
Suppose 83 = f + 2*l, -l - 357 = -4*f - 61. What is the greatest common divisor of f and 30?
15
Let s(v) = -v**2 - 15*v + 6. Let u be s(-9). What is the greatest common factor of 24 and u?
12
Let o = -17 - -19. Suppose 2*c - 4 = -o. Let z(s) = -s**3 + 3*s**2. Let y be z(2). What is the highest common divisor of y and c?
1
Suppose 5*l - 176 = -16. Suppose -5*i - 3050 = 520. Let q be 2/5 + i/(-15). Calculate the highest common divisor of l and q.
16
Let s = 23 + -15. Let y(w) = w**3 - w**2 + 5*w - 4. Let b be y(4). Calculate the highest common factor of s and b.
8
Let s = 48 - 13. Calculate the highest common factor of s and 14.
7
Let w = -16 - -10. Let q(r) = -31*r - 3. Let o be q(w). Suppose -4*f = -o + 27. What is the highest common factor of f and 26?
13
Suppose 3*y = 7*y - 1248. What is the greatest common factor of 39 and y?
39
Let q(l) = -6*l - 2. Let o be (-24)/3 + 4 + -2. Let z = -8 - o. Let h be q(z). Calculate the greatest common factor of 10 and h.
10
Let f(z) = -8*z + 2*z**2 + 2*z + 1 + 6 - 3. Let p be f(4). What is the highest common factor of p and 108?
12
Suppose -1219 - 317 = -4*n. Let j = n + -213. Calculate the highest common divisor of 19 and j.
19
Let q(x) = -x + 10. Let l be q(-5). What is the greatest common divisor of l and 6?
3
Let q be 46/16 - (-1)/8. Calculate the highest common factor of 6 and q.
3
Let h be ((-4)/4)/(1/(-22)). Let p(v) = -v**2 + v + 11. Let g be -3 - -4 - (-1 - -2). Let i be p(g). Calculate the highest common divisor of i and h.
11
Suppose 5*g = 30 - 0. Let y be (0/3)/(1 - -1). Let i = g + y. What is the highest common factor of 18 and i?
6
Suppose 0 = k - 3 + 2. Suppose 25 = 3*s + 2*s. What is the greatest common divisor of s and k?
1
Suppose -4*f = -l - 1, 3*l + 3*f + 33 = -0*l. Let t = -4 - l. Suppose -5*s + 4*c = -62, -5*s = -4*c + 9*c - 35. What is the highest common divisor of s and t?
5
Suppose 5*w - j = -3 + 108, 4*j = w - 21. Calculate the greatest common divisor of 21 and w.
21
Suppose 8*j + 4 = 9*j. Calculate the highest common divisor of j and 10.
2
Suppose -3*u + 4*h = -80, 3*u + 1 = -4*h + 41. Suppose -5*z = u, r + 3*z - 9 = 21. Calculate the highest common divisor of 28 and r.
14
Let q be (-22)/(-8) + 9/(-12). Suppose 2*m + 2 = q*g - 6*g, -2*m - 5*g - 3 = 0. What is the highest common factor of 2 and m?
1
Let i be (-287)/(-42) - 1/(-6). Calculate the greatest common factor of 35 and i.
7
Let j be (-2)/(2*(-2)/48). Suppose -3 = u - 19. Let s = j - u. Calculate the highest common divisor of 8 and s.
8
Suppose -47 - 43 = -3*t. Suppose 3*y - 180 = t. Calculate the highest common divisor of 14 and y.
14
Suppose -4*o = 2*r + o - 84, -5*r - 2*o = -168. Calculate the highest common factor of r and 4.
4
Let v(g) = -g**2 + 4*g + 1. Let y be v(4). Calculate the greatest common divisor of 5 and y.
1
Suppose 0 = h - 6 - 0. Let a = 15 + -11. Suppose -2*p + 8 = -a*u, -3*p - 3*u + 5 = -16. What is the highest common factor of p and h?
6
Suppose 5*y - 4*x - 9 = 0, -x - 2*x = 3*y. Let h = -3 + 6. What is the greatest common divisor of h and y?
1
Let a = 25 + -14. Let w(n) = 16*n + 3. Let l be w(6). What is the greatest common divisor of a and l?
11
Let b(y) = -y**2 - 8*y + 5. Let g be b(-6). What is the greatest common divisor of 51 and g?
17
Let y be ((-2)/(-4))/((-9)/(-324)). Calculate the highest common factor of y and 90.
18
Let j be 76*1*1/2. Let d = 33 + -14. Calculate the greatest common factor of j and d.
19
Suppose 13 = 4*l + 2*c - 75, 5*l = -4*c + 113. Calculate the highest common factor of l and 3.
3
Suppose -14 + 59 = 5*n - 5*b, 2*n - 5*b - 21 = 0. What is the highest common divisor of n and 24?
8
Let h(x) = -x**3 - 2*x**2 + x. Let j be h(1). Let z be (-3)/j*(-3 - -11). Calculate the highest common divisor of 60 and z.
12
Let u be 4 + (0/(-2))/2. Let h = -16 + 26. Suppose 0 = 5*o - 0*o - h. What is the greatest common divisor of o and u?
2
Let w(r) = r**3 - 5*r**2 - r + 5. Let b be w(5). Suppose -p - 2 + 15 = b. Let m = -135 - -239. What is the highest common factor of m and p?
13
Let k = 0 + 4. Suppose -5*j + 35 = f - 0*j, 4*j - 12 = 0. What is the greatest common divisor of k and f?
4
Let b(d) = 3*d**2 - 17 - 15*d - 4*d**2 + 27*d. Let c be b(8). Calculate the greatest common factor of 3 and c.
3
Let z = -1 - -35. Suppose -2*k - 5*q + 37 = 15, 2*k + 2*q = z. Calculate the highest common factor of 21 and k.
21
Let l be 786/9 - (-6)/9. What is the greatest common divisor of 8 and l?
8
Let z(l) = l**3 - 9*l**2 + 9*l - 6. Let y be z(9). Let h(v) = 28*v**2 - 2*v. Let q be h(-1). What is the highest common divisor of q and y?
15
Suppose 0 = 3*h - 5 - 1. Suppose -x = 5*l - 2, -3*x = 5*l - 5*x + 4. Suppose l*r - 10 = -2*r. What is the highest common factor of h and r?
1
Suppose -5 = -2*w - 3. Let q = 5 - 2. What is the highest common factor of w and q?
1
Suppose 5*s - 20 = -5. Let o be 11*(-1 + 3 + s). What is the greatest common factor of o and 22?
11
Let w be (-5)/(5/(20/(-4))). Calculate the highest common factor of 15 and w.
5
Suppose -6*q = -5*q - 33. Calculate the highest common factor of 77 and q.
11
Suppose 0 = y + 4*d, -5*y + 44 + 32 = d. Calculate the greatest common divisor of 112 and y.
16
Let n(v) = -v**3 + 8*v**2 + v - 2. Suppose 2*r = -3 + 19. Let u be n(r). Let j be (-128)/(-12) + (-4)/u. What is the highest common factor of j and 110?
10
Let v(r) = r**3 - 29*r**2 + 52*r + 66. Let f be v(27). Let d(u) = -u**3 - 6*u**2 - u - 2. Let s be d(-6). What is the greatest common factor of f and s?
4
Let y be (-1*4*(11 - 0))/(-1). Calculate the highest common divisor of 110 and y.
22
Suppose -2*k + j = -40, 5*k - 53 = 2*k + 5*j. Let b(g) = -g. Let r be b(-7). What is the greatest common divisor of k and r?
7
Let n be 11 + 1*(4 - 0). What is the highest common divisor of n and 3?
3
Suppose 5*k - 8 = -3*j - 37, j + 6 = 2*k. Let w be (-32)/j*(-1)/(-4). What is the highest common factor of 5 and w?
1
Let q = -36 + 93. Calculate the greatest common divisor of q and 19.
19
Let m(l) be the first derivative of -3*l**2/2 - 9*l - 4. Let x be m(-7). What is the greatest common factor of x and 4?
4
Let s(i) = -i**3 - 8*i**2 - 8*i - 2. Let o be s(-7). Calculate the highest common divisor of 35 and o.
5
Suppose -5*v - 5*q + 45 = 0, -17 = -2*v + 4*q + 7. Let x = 18 + 12. Suppose 3*h = h + x. Calculate the greatest common divisor of h and v.
5
Let c(q) be the first derivative of q**3 - 2*q**2 - 4*q + 4. Let x be c(5). Calculate the greatest common divisor of x and 34.
17
Let g = -14 + 20. Let r be (-192)/18*g/(-4). What is the greatest common divisor of 112 and r?
16
Let f = 5 - -1. Suppose 5*